{"id":1502,"date":"2023-10-23T21:43:58","date_gmt":"2023-10-23T20:43:58","guid":{"rendered":"https:\/\/patisseriealmakam.com\/?post_type=product&#038;p=1502"},"modified":"2024-12-20T21:25:56","modified_gmt":"2024-12-20T20:25:56","slug":"millefeuille-au-chocolat","status":"publish","type":"product","link":"https:\/\/patisseriealmakam.com\/index.php\/produit\/millefeuille-au-chocolat\/","title":{"rendered":"Millefeuille au chocolat"},"content":{"rendered":"<ul>\n<li><em>Un millefeuille est un dessert p\u00e2tissier classique<\/em><\/li>\n<li><em> compos\u00e9 de fines couches de <\/em><em>p\u00e2tes feuillet\u00e9e croustillante<\/em><\/li>\n<li><em> altern\u00e9es avec des couches de cr\u00e8mes p\u00e2tissi\u00e8re.<\/em><\/li>\n<li><em> Le millefeuille est appr\u00e9ci\u00e9 pour sa texture feuillet\u00e9e et cr\u00e9meuse<\/em><\/li>\n<li><em>ainsi que <\/em><em>pour sa d\u00e9licatesse et son \u00e9l\u00e9gance en raison de ses fines couches superpos\u00e9es.<\/em><\/li>\n<\/ul>\n","protected":false},"excerpt":{"rendered":"<p>Un millefeuille est un dessert p\u00e2tissier classique compos\u00e9 de fines couches de p\u00e2tes feuillet\u00e9e croustillante altern\u00e9es avec des couches de cr\u00e8mes p\u00e2tissi\u00e8re. Le millefeuille est appr\u00e9ci\u00e9 pour sa texture feuillet\u00e9e et cr\u00e9meuse ainsi que pour sa d\u00e9licatesse et son \u00e9l\u00e9gance en raison de ses fines couches superpos\u00e9es.<\/p>\n","protected":false},"featured_media":2874,"template":"","meta":{"_uf_show_specific_survey":0,"_uf_disable_surveys":false,"_kad_post_transparent":"default","_kad_post_title":"","_kad_post_layout":"default","_kad_post_sidebar_id":"","_kad_post_content_style":"default","_kad_post_vertical_padding":"default","_kad_post_feature":"","_kad_post_feature_position":"","_kad_post_header":false,"_kad_post_footer":false,"_kad_post_classname":""},"product_brand":[],"product_cat":[18],"product_tag":[],"class_list":{"0":"post-1502","1":"product","2":"type-product","3":"status-publish","4":"has-post-thumbnail","6":"product_cat-gateaux-ind","8":"first","9":"instock","10":"featured","11":"taxable","12":"shipping-taxable","13":"purchasable","14":"product-type-simple","15":"entry","16":"content-bg","17":"loop-entry"},"aioseo_notices":[],"_links":{"self":[{"href":"https:\/\/patisseriealmakam.com\/index.php\/wp-json\/wp\/v2\/product\/1502","targetHints":{"allow":["GET"]}}],"collection":[{"href":"https:\/\/patisseriealmakam.com\/index.php\/wp-json\/wp\/v2\/product"}],"about":[{"href":"https:\/\/patisseriealmakam.com\/index.php\/wp-json\/wp\/v2\/types\/product"}],"wp:featuredmedia":[{"embeddable":true,"href":"https:\/\/patisseriealmakam.com\/index.php\/wp-json\/wp\/v2\/media\/2874"}],"wp:attachment":[{"href":"https:\/\/patisseriealmakam.com\/index.php\/wp-json\/wp\/v2\/media?parent=1502"}],"wp:term":[{"taxonomy":"product_brand","embeddable":true,"href":"https:\/\/patisseriealmakam.com\/index.php\/wp-json\/wp\/v2\/product_brand?post=1502"},{"taxonomy":"product_cat","embeddable":true,"href":"https:\/\/patisseriealmakam.com\/index.php\/wp-json\/wp\/v2\/product_cat?post=1502"},{"taxonomy":"product_tag","embeddable":true,"href":"https:\/\/patisseriealmakam.com\/index.php\/wp-json\/wp\/v2\/product_tag?post=1502"}],"curies":[{"name":"wp","href":"https:\/\/api.w.org\/{rel}","templated":true}]}}