{"id":1706,"date":"2023-11-04T15:53:44","date_gmt":"2023-11-04T14:53:44","guid":{"rendered":"https:\/\/patisseriealmakam.com\/?post_type=product&#038;p=1706"},"modified":"2025-10-05T13:50:48","modified_gmt":"2025-10-05T12:50:48","slug":"mousse-framboise","status":"publish","type":"product","link":"https:\/\/patisseriealmakam.com\/index.php\/produit\/mousse-framboise\/","title":{"rendered":"Mousse framboise au kg"},"content":{"rendered":"<ul>\n<li><em><strong>Ingr\u00e9dients<\/strong>:<\/em><\/li>\n<li><em> g\u00e9noise blanche, sirop, jaune d&rsquo;oeuf, <\/em><\/li>\n<li><em>cr\u00e8me fra\u00eeche, g\u00e9latine, glucose, framboise.<\/em><\/li>\n<\/ul>\n","protected":false},"excerpt":{"rendered":"<p>Ingr\u00e9dients: g\u00e9noise blanche, sirop, jaune d&rsquo;oeuf, cr\u00e8me fra\u00eeche, g\u00e9latine, glucose, framboise.<\/p>\n","protected":false},"featured_media":1711,"template":"","meta":{"_uf_show_specific_survey":0,"_uf_disable_surveys":false,"_kad_post_transparent":"default","_kad_post_title":"","_kad_post_layout":"default","_kad_post_sidebar_id":"","_kad_post_content_style":"default","_kad_post_vertical_padding":"default","_kad_post_feature":"","_kad_post_feature_position":"","_kad_post_header":false,"_kad_post_footer":false,"_kad_post_classname":""},"product_brand":[],"product_cat":[30],"product_tag":[],"class_list":{"0":"post-1706","1":"product","2":"type-product","3":"status-publish","4":"has-post-thumbnail","6":"product_cat-entremets","8":"first","9":"instock","10":"taxable","11":"shipping-taxable","12":"purchasable","13":"product-type-variable","14":"entry","15":"content-bg","16":"loop-entry"},"aioseo_notices":[],"_links":{"self":[{"href":"https:\/\/patisseriealmakam.com\/index.php\/wp-json\/wp\/v2\/product\/1706","targetHints":{"allow":["GET"]}}],"collection":[{"href":"https:\/\/patisseriealmakam.com\/index.php\/wp-json\/wp\/v2\/product"}],"about":[{"href":"https:\/\/patisseriealmakam.com\/index.php\/wp-json\/wp\/v2\/types\/product"}],"wp:featuredmedia":[{"embeddable":true,"href":"https:\/\/patisseriealmakam.com\/index.php\/wp-json\/wp\/v2\/media\/1711"}],"wp:attachment":[{"href":"https:\/\/patisseriealmakam.com\/index.php\/wp-json\/wp\/v2\/media?parent=1706"}],"wp:term":[{"taxonomy":"product_brand","embeddable":true,"href":"https:\/\/patisseriealmakam.com\/index.php\/wp-json\/wp\/v2\/product_brand?post=1706"},{"taxonomy":"product_cat","embeddable":true,"href":"https:\/\/patisseriealmakam.com\/index.php\/wp-json\/wp\/v2\/product_cat?post=1706"},{"taxonomy":"product_tag","embeddable":true,"href":"https:\/\/patisseriealmakam.com\/index.php\/wp-json\/wp\/v2\/product_tag?post=1706"}],"curies":[{"name":"wp","href":"https:\/\/api.w.org\/{rel}","templated":true}]}}